{"id":48342,"date":"2024-02-03T06:40:16","date_gmt":"2024-02-03T06:40:16","guid":{"rendered":"https:\/\/alfayazilim.com.tr\/sitecadir\/?page_id=48342"},"modified":"2026-03-12T07:32:24","modified_gmt":"2026-03-12T07:32:24","slug":"mantar-cadir-uygulamalari","status":"publish","type":"page","link":"https:\/\/www.ardiccadir.com.tr\/index.php\/urunler\/mantar-cadir-uygulamalari\/","title":{"rendered":"Mantar \u00c7ad\u0131r Uygulamalar\u0131"},"content":{"rendered":"\t\t<div data-elementor-type=\"wp-page\" data-elementor-id=\"48342\" class=\"elementor elementor-48342\" data-elementor-post-type=\"page\">\n\t\t\t\t<div class=\"elementor-element elementor-element-e47c893 e-flex e-con-boxed e-con e-parent\" data-id=\"e47c893\" data-element_type=\"container\" data-e-type=\"container\">\n\t\t\t\t\t<div class=\"e-con-inner\">\n\t\t\t\t<div class=\"elementor-element elementor-element-07dd239 elementor-widget elementor-widget-gallery\" data-id=\"07dd239\" data-element_type=\"widget\" data-e-type=\"widget\" data-settings=\"{&quot;columns&quot;:3,&quot;lazyload&quot;:&quot;yes&quot;,&quot;gallery_layout&quot;:&quot;grid&quot;,&quot;columns_tablet&quot;:2,&quot;columns_mobile&quot;:1,&quot;gap&quot;:{&quot;unit&quot;:&quot;px&quot;,&quot;size&quot;:10,&quot;sizes&quot;:[]},&quot;gap_tablet&quot;:{&quot;unit&quot;:&quot;px&quot;,&quot;size&quot;:10,&quot;sizes&quot;:[]},&quot;gap_mobile&quot;:{&quot;unit&quot;:&quot;px&quot;,&quot;size&quot;:10,&quot;sizes&quot;:[]},&quot;link_to&quot;:&quot;file&quot;,&quot;aspect_ratio&quot;:&quot;3:2&quot;,&quot;overlay_background&quot;:&quot;yes&quot;,&quot;content_hover_animation&quot;:&quot;fade-in&quot;}\" data-widget_type=\"gallery.default\">\n\t\t\t\t<div class=\"elementor-widget-container\">\n\t\t\t\t\t\t\t<div class=\"elementor-gallery__container\">\n\t\t\t\t\t\t\t<a class=\"e-gallery-item elementor-gallery-item elementor-animated-content\" href=\"https:\/\/www.ardiccadir.com.tr\/wp-content\/uploads\/2026\/03\/20160525-150136-hdr-kopya-d9bd2074-558e-43d5-8404-e5bf98962bbb-1.jpg\" data-elementor-open-lightbox=\"yes\" data-elementor-lightbox-slideshow=\"07dd239\" data-elementor-lightbox-title=\"20160525-150136-hdr-kopya-d9bd2074-558e-43d5-8404-e5bf98962bbb\" data-e-action-hash=\"#elementor-action%3Aaction%3Dlightbox%26settings%3DeyJpZCI6NDg4ODQsInVybCI6Imh0dHBzOlwvXC93d3cuYXJkaWNjYWRpci5jb20udHJcL3dwLWNvbnRlbnRcL3VwbG9hZHNcLzIwMjZcLzAzXC8yMDE2MDUyNS0xNTAxMzYtaGRyLWtvcHlhLWQ5YmQyMDc0LTU1OGUtNDNkNS04NDA0LWU1YmY5ODk2MmJiYi0xLmpwZyIsInNsaWRlc2hvdyI6IjA3ZGQyMzkifQ%3D%3D\">\n\t\t\t\t\t<div class=\"e-gallery-image elementor-gallery-item__image\" data-thumbnail=\"https:\/\/www.ardiccadir.com.tr\/wp-content\/uploads\/2026\/03\/20160525-150136-hdr-kopya-d9bd2074-558e-43d5-8404-e5bf98962bbb-1.jpg\" data-width=\"1280\" data-height=\"720\" aria-label=\"\" role=\"img\" ><\/div>\n\t\t\t\t\t\t\t\t\t\t\t<div class=\"elementor-gallery-item__overlay\"><\/div>\n\t\t\t\t\t\t\t\t\t\t\t\t\t\t<\/a>\n\t\t\t\t\t\t\t<a class=\"e-gallery-item elementor-gallery-item elementor-animated-content\" href=\"https:\/\/www.ardiccadir.com.tr\/wp-content\/uploads\/2026\/03\/8-kNG6.jpg\" data-elementor-open-lightbox=\"yes\" data-elementor-lightbox-slideshow=\"07dd239\" data-elementor-lightbox-title=\"8-kNG6\" data-e-action-hash=\"#elementor-action%3Aaction%3Dlightbox%26settings%3DeyJpZCI6NDg4ODMsInVybCI6Imh0dHBzOlwvXC93d3cuYXJkaWNjYWRpci5jb20udHJcL3dwLWNvbnRlbnRcL3VwbG9hZHNcLzIwMjZcLzAzXC84LWtORzYuanBnIiwic2xpZGVzaG93IjoiMDdkZDIzOSJ9\">\n\t\t\t\t\t<div class=\"e-gallery-image elementor-gallery-item__image\" data-thumbnail=\"https:\/\/www.ardiccadir.com.tr\/wp-content\/uploads\/2026\/03\/8-kNG6.jpg\" data-width=\"1280\" data-height=\"720\" aria-label=\"\" role=\"img\" ><\/div>\n\t\t\t\t\t\t\t\t\t\t\t<div class=\"elementor-gallery-item__overlay\"><\/div>\n\t\t\t\t\t\t\t\t\t\t\t\t\t\t<\/a>\n\t\t\t\t\t\t\t<a class=\"e-gallery-item elementor-gallery-item elementor-animated-content\" href=\"https:\/\/www.ardiccadir.com.tr\/wp-content\/uploads\/2026\/03\/2-a3bh.webp\" data-elementor-open-lightbox=\"yes\" data-elementor-lightbox-slideshow=\"07dd239\" data-elementor-lightbox-title=\"2-a3bh\" data-e-action-hash=\"#elementor-action%3Aaction%3Dlightbox%26settings%3DeyJpZCI6NDg4ODIsInVybCI6Imh0dHBzOlwvXC93d3cuYXJkaWNjYWRpci5jb20udHJcL3dwLWNvbnRlbnRcL3VwbG9hZHNcLzIwMjZcLzAzXC8yLWEzYmgud2VicCIsInNsaWRlc2hvdyI6IjA3ZGQyMzkifQ%3D%3D\">\n\t\t\t\t\t<div class=\"e-gallery-image elementor-gallery-item__image\" data-thumbnail=\"https:\/\/www.ardiccadir.com.tr\/wp-content\/uploads\/2026\/03\/2-a3bh.webp\" data-width=\"1600\" data-height=\"900\" aria-label=\"\" role=\"img\" ><\/div>\n\t\t\t\t\t\t\t\t\t\t\t<div class=\"elementor-gallery-item__overlay\"><\/div>\n\t\t\t\t\t\t\t\t\t\t\t\t\t\t<\/a>\n\t\t\t\t\t\t\t<a class=\"e-gallery-item elementor-gallery-item elementor-animated-content\" href=\"https:\/\/www.ardiccadir.com.tr\/wp-content\/uploads\/2026\/03\/tavuk-cadiri.jpg\" data-elementor-open-lightbox=\"yes\" data-elementor-lightbox-slideshow=\"07dd239\" data-elementor-lightbox-title=\"tavuk-\u00e7ad\u0131r\u0131\" data-e-action-hash=\"#elementor-action%3Aaction%3Dlightbox%26settings%3DeyJpZCI6NDg4ODEsInVybCI6Imh0dHBzOlwvXC93d3cuYXJkaWNjYWRpci5jb20udHJcL3dwLWNvbnRlbnRcL3VwbG9hZHNcLzIwMjZcLzAzXC90YXZ1ay1jYWRpcmkuanBnIiwic2xpZGVzaG93IjoiMDdkZDIzOSJ9\">\n\t\t\t\t\t<div class=\"e-gallery-image elementor-gallery-item__image\" data-thumbnail=\"https:\/\/www.ardiccadir.com.tr\/wp-content\/uploads\/2026\/03\/tavuk-cadiri.jpg\" data-width=\"1600\" data-height=\"900\" aria-label=\"\" role=\"img\" ><\/div>\n\t\t\t\t\t\t\t\t\t\t\t<div class=\"elementor-gallery-item__overlay\"><\/div>\n\t\t\t\t\t\t\t\t\t\t\t\t\t\t<\/a>\n\t\t\t\t\t\t\t<a class=\"e-gallery-item elementor-gallery-item elementor-animated-content\" href=\"https:\/\/www.ardiccadir.com.tr\/wp-content\/uploads\/2026\/03\/H6e7863a92fa24d33987111d8ad09685cF-scaled.avif\" data-elementor-open-lightbox=\"yes\" data-elementor-lightbox-slideshow=\"07dd239\" data-elementor-lightbox-title=\"H6e7863a92fa24d33987111d8ad09685cF\" data-e-action-hash=\"#elementor-action%3Aaction%3Dlightbox%26settings%3DeyJpZCI6NDg4ODAsInVybCI6Imh0dHBzOlwvXC93d3cuYXJkaWNjYWRpci5jb20udHJcL3dwLWNvbnRlbnRcL3VwbG9hZHNcLzIwMjZcLzAzXC9INmU3ODYzYTkyZmEyNGQzMzk4NzExMWQ4YWQwOTY4NWNGLXNjYWxlZC5hdmlmIiwic2xpZGVzaG93IjoiMDdkZDIzOSJ9\">\n\t\t\t\t\t<div class=\"e-gallery-image elementor-gallery-item__image\" data-thumbnail=\"https:\/\/www.ardiccadir.com.tr\/wp-content\/uploads\/2026\/03\/H6e7863a92fa24d33987111d8ad09685cF-scaled.avif\" data-width=\"2560\" data-height=\"1920\" aria-label=\"\" role=\"img\" ><\/div>\n\t\t\t\t\t\t\t\t\t\t\t<div class=\"elementor-gallery-item__overlay\"><\/div>\n\t\t\t\t\t\t\t\t\t\t\t\t\t\t<\/a>\n\t\t\t\t\t\t\t<a class=\"e-gallery-item elementor-gallery-item elementor-animated-content\" href=\"https:\/\/www.ardiccadir.com.tr\/wp-content\/uploads\/2026\/03\/20160525-150136-hdr-kopya-d9bd2074-558e-43d5-8404-e5bf98962bbb.jpg\" data-elementor-open-lightbox=\"yes\" data-elementor-lightbox-slideshow=\"07dd239\" data-elementor-lightbox-title=\"20160525-150136-hdr-kopya-d9bd2074-558e-43d5-8404-e5bf98962bbb\" data-e-action-hash=\"#elementor-action%3Aaction%3Dlightbox%26settings%3DeyJpZCI6NDg4NzksInVybCI6Imh0dHBzOlwvXC93d3cuYXJkaWNjYWRpci5jb20udHJcL3dwLWNvbnRlbnRcL3VwbG9hZHNcLzIwMjZcLzAzXC8yMDE2MDUyNS0xNTAxMzYtaGRyLWtvcHlhLWQ5YmQyMDc0LTU1OGUtNDNkNS04NDA0LWU1YmY5ODk2MmJiYi5qcGciLCJzbGlkZXNob3ciOiIwN2RkMjM5In0%3D\">\n\t\t\t\t\t<div class=\"e-gallery-image elementor-gallery-item__image\" data-thumbnail=\"https:\/\/www.ardiccadir.com.tr\/wp-content\/uploads\/2026\/03\/20160525-150136-hdr-kopya-d9bd2074-558e-43d5-8404-e5bf98962bbb.jpg\" data-width=\"1280\" data-height=\"720\" aria-label=\"\" role=\"img\" ><\/div>\n\t\t\t\t\t\t\t\t\t\t\t<div class=\"elementor-gallery-item__overlay\"><\/div>\n\t\t\t\t\t\t\t\t\t\t\t\t\t\t<\/a>\n\t\t\t\t\t<\/div>\n\t\t\t\t\t<\/div>\n\t\t\t\t<\/div>\n\t\t\t\t\t<\/div>\n\t\t\t\t<\/div>\n\t\t<div class=\"elementor-element elementor-element-a61acae e-flex e-con-boxed e-con e-parent\" data-id=\"a61acae\" data-element_type=\"container\" data-e-type=\"container\">\n\t\t\t\t\t<div class=\"e-con-inner\">\n\t\t\t\t<div class=\"elementor-element elementor-element-c8569ab elementor-widget elementor-widget-text-editor\" data-id=\"c8569ab\" data-element_type=\"widget\" data-e-type=\"widget\" data-widget_type=\"text-editor.default\">\n\t\t\t\t<div class=\"elementor-widget-container\">\n\t\t\t\t\t\t\t\t\t<p>Mantar \u00e7ad\u0131r\u0131, mantar yeti\u015ftirme s\u00fcrecini optimize etmek ve kontroll\u00fc bir ortam sa\u011flamak amac\u0131yla kullan\u0131lan \u00f6zel bir yap\u0131d\u0131r. Bu \u00e7ad\u0131rlar, mantarlar\u0131n ideal b\u00fcy\u00fcme ko\u015fullar\u0131n\u0131 korumak, hijyenik bir ortam sa\u011flamak ve \u00fcretimi kontrol alt\u0131nda tutmak i\u00e7in tasarlanm\u0131\u015ft\u0131r. Mantar \u00e7ad\u0131rlar\u0131 genellikle kapal\u0131 bir ortamda kullan\u0131l\u0131r ve mantar yeti\u015ftiricili\u011finde ba\u015far\u0131yla kullan\u0131lan bir sistemdir.<\/p><p>Mantar \u00e7ad\u0131rlar\u0131, farkl\u0131 mantar t\u00fcrleri i\u00e7in uygun ortam\u0131 sa\u011flayacak \u015fekilde tasarlanabilir. Mantar yeti\u015ftirme i\u015fleminde s\u0131cakl\u0131k, nem, hava sirk\u00fclasyonu ve \u0131\u015f\u0131k gibi fakt\u00f6rlerin kontrol\u00fc \u00f6nemlidir. Mantar \u00e7ad\u0131rlar\u0131, bu fakt\u00f6rleri optimize etmek i\u00e7in \u00f6zel olarak tasarlanan yap\u0131lard\u0131r.<\/p><p>Bu t\u00fcr \u00e7ad\u0131rlar genellikle i\u00e7inde uygun \u0131s\u0131tma, so\u011futma, nem kontrol\u00fc ve ayd\u0131nlatma sistemleri bulundurur. Ayr\u0131ca, mantar yeti\u015ftirme ortam\u0131n\u0131 olu\u015fturmak i\u00e7in kullan\u0131lan \u00f6zel mantar yeti\u015ftirme torf veya kar\u0131\u015f\u0131mlar\u0131 i\u00e7erir. Bu ortam, mantar sporlar\u0131n\u0131n veya k\u00fclt\u00fcr mantarlar\u0131n\u0131n ekilmesi i\u00e7in uygun bir zemin sa\u011flar.<\/p><p>Mantar \u00e7ad\u0131rlar\u0131, mantar yeti\u015ftiricili\u011finde daha kontroll\u00fc, hijyenik ve verimli bir ortam olu\u015fturarak \u00fcretimi art\u0131rmak amac\u0131yla kullan\u0131l\u0131r. \u00c7ad\u0131r tasar\u0131m\u0131, yeti\u015ftirilmek istenen mantar t\u00fcr\u00fcne, iklim ko\u015fullar\u0131na ve yeti\u015ftirme y\u00f6ntemine g\u00f6re de\u011fi\u015fiklik g\u00f6sterebilir. Bu t\u00fcr \u00e7ad\u0131rlar, ticari mantar \u00fcretim tesislerinde ve k\u00fc\u00e7\u00fck \u00f6l\u00e7ekli mantar \u00e7iftliklerinde yayg\u0131n olarak kullan\u0131lmaktad\u0131r.<\/p>\t\t\t\t\t\t\t\t<\/div>\n\t\t\t\t<\/div>\n\t\t\t\t\t<\/div>\n\t\t\t\t<\/div>\n\t\t\t\t<\/div>\n\t\t","protected":false},"excerpt":{"rendered":"<p>Mantar \u00e7ad\u0131r\u0131, mantar yeti\u015ftirme s\u00fcrecini optimize etmek ve kontroll\u00fc bir ortam sa\u011flamak amac\u0131yla kullan\u0131lan \u00f6zel bir yap\u0131d\u0131r. Bu \u00e7ad\u0131rlar, mantarlar\u0131n&#8230;<\/p>\n","protected":false},"author":1,"featured_media":0,"parent":48340,"menu_order":0,"comment_status":"closed","ping_status":"closed","template":"","meta":{"footnotes":""},"class_list":["post-48342","page","type-page","status-publish","hentry"],"_links":{"self":[{"href":"https:\/\/www.ardiccadir.com.tr\/index.php\/wp-json\/wp\/v2\/pages\/48342","targetHints":{"allow":["GET"]}}],"collection":[{"href":"https:\/\/www.ardiccadir.com.tr\/index.php\/wp-json\/wp\/v2\/pages"}],"about":[{"href":"https:\/\/www.ardiccadir.com.tr\/index.php\/wp-json\/wp\/v2\/types\/page"}],"author":[{"embeddable":true,"href":"https:\/\/www.ardiccadir.com.tr\/index.php\/wp-json\/wp\/v2\/users\/1"}],"replies":[{"embeddable":true,"href":"https:\/\/www.ardiccadir.com.tr\/index.php\/wp-json\/wp\/v2\/comments?post=48342"}],"version-history":[{"count":19,"href":"https:\/\/www.ardiccadir.com.tr\/index.php\/wp-json\/wp\/v2\/pages\/48342\/revisions"}],"predecessor-version":[{"id":48893,"href":"https:\/\/www.ardiccadir.com.tr\/index.php\/wp-json\/wp\/v2\/pages\/48342\/revisions\/48893"}],"up":[{"embeddable":true,"href":"https:\/\/www.ardiccadir.com.tr\/index.php\/wp-json\/wp\/v2\/pages\/48340"}],"wp:attachment":[{"href":"https:\/\/www.ardiccadir.com.tr\/index.php\/wp-json\/wp\/v2\/media?parent=48342"}],"curies":[{"name":"wp","href":"https:\/\/api.w.org\/{rel}","templated":true}]}}